 + 1 + -7 + (-3 - -10)
3
Evaluate 3 + 0 + -1 - (1 + -1).
2
What is (-7 - -9 - -3) + 2?
7
What is the value of -6 + -2 + 14 + -9?
-3
(1 - (5 - 11)) + -8
-1
What is the value of (-1 - (3 - 0) - -9) + 0?
5
Calculate 4 + -4 + 4 - 3.
1
What is -2 - (-5 + 5 + -6)?
4
1 - -5 - 1 - 7
-2
Calculate -3 - ((3 - 1) + -2 + 1).
-4
Calculate 4 - (4 - (5 - 13)).
-8
-5 - (4 + -2 + -1)
-6
What is the value of 1 - (0 - 0 - -2)?
-1
0 + 2 - -4 - 6
0
What is the value of 0 + 0 - (7 - 10)?
3
Calculate -4 + 1 + (7 - 6).
-2
What is (-1 - 2) + 9 + -6?
0
What is 9 + 2 - 5 - 9?
-3
What is -2 + (2 - (7 + -13))?
6
What is the value of 11 + -19 + 10 + 5?
7
2 - 0 - (0 - -2)
0
4 + 6 + -22 - -12
0
What is -83 - -78 - (1 - 13 - -1)?
6
What is the value of 3 + (-4 - -5 - 0)?
4
Evaluate -5 - (5 + -8) - -6.
4
What is the value of -4 + -1 - (-20 + (-5 - -16))?
4
(9 - (9 + 3)) + 8
5
3 - (-5 + 6 + -1)
3
What is the value of -8 - (1 + (-8 - -2))?
-3
What is the value of -3 - -6 - 1 - (0 + -3)?
5
What is the value of -12 + -6 + 11 - -16?
9
-9 + 10 + -5 + -2 + -1
-7
Calculate -8 - (-8 - (0 - -4)).
4
Calculate 13 + -21 + 3 + 10.
5
(6 - (-2 + 6)) + (-3 - 0)
-1
What is 1 - (-2 + 4 + -2)?
1
What is (-10 - 4) + (-2 - -12)?
-4
Calculate -1 + 4 + -10 + 13 + -9.
-3
Calculate (2 - (4 + -2)) + -4.
-4
Evaluate -11 + -6 + 10 - (0 + -12).
5
Calculate (-3 - -1) + -1 + -1.
-4
What is the value of 4 + -9 + 3 + 3 + -2?
-1
-2 - -4 - -1 - (3 - -1)
-1
Calculate (2 - (8 - 2)) + 4 + -1.
-1
Calculate -7 + (3 - (2 - 2)).
-4
What is the value of (5 - 5) + 2 + -1?
1
Evaluate -21 + 10 - (-4 + -4).
-3
What is 9 + (2 - (4 + 4))?
3
(3 - -1) + (-5 - (-8 + 5))
2
Calculate (-2 - -2 - -3) + -5.
-2
(-4 - (1 - 8)) + 0
3
Evaluate -1 - (8 + 0 + -15).
6
Evaluate 1 - (-1 - -3) - -2.
1
-3 - (-2 - 5) - 3
1
What is 10 - 9 - (0 + 3)?
-2
What is the value of -8 - ((5 - 15) + 5)?
-3
What is -1 + -4 - 3 - -4?
-4
What is the value of (2 - 6) + 0 - -4?
0
Evaluate -9 + 6 + (20 - 20).
-3
What is (-1 - 0) + 4 + 1 - 1?
3
Calculate 2 + (1 - (7 + 3 + -3)).
-4
What is the value of 7 + -8 - (-8 + (-6 - -7))?
6
-3 + -1 + 2 + 3 + 8
9
Evaluate 2 - (4 - (3 - 2)).
-1
Calculate (1 - -1) + 21 + -20 - 6.
-3
Calculate (1 - 8) + 10 + -5.
-2
What is (-3 + 7 - 3) + 11 + -2?
10
(3 - 0) + 4 + 3 + -4
6
-2 - 0 - (0 + -3)
1
What is (-4 - (-15 - -2)) + -6?
3
Calculate -7 - -10 - (2 + -5 - -4).
2
Calculate -5 - (5 + -3 + -4).
-3
-8 + 2 + 1 - (-3 - -1)
-3
What is -2 - -6 - (9 - 6)?
1
What is -4 + (2 + -3 - -6) + -4?
-3
0 + -2 + -1 + 2
-1
What is the value of (4 - (4 + -8)) + 2 + -5?
5
What is 3 - (-9 + 6) - 1?
5
What is (5 + 1 - -5) + -7?
4
What is -19 + 22 - (0 - 1)?
4
Evaluate 6 - -5 - (-3 + (13 - 7)).
8
What is -4 + (10 + -5 - -7)?
8
Evaluate -7 - (-1 + -3 - (-3 - -3)).
-3
Evaluate 5 - 7 - (0 - (8 - 9)).
-3
What is (-3 - -8) + -1 + -3 + -3?
-2
Evaluate 10 + 5 + -15 + -6.
-6
Evaluate (0 - (3 - -1)) + -2.
-6
Calculate 3 - -2 - 0 - (-11 - -13).
3
Calculate 17 + (-9 - -4) + -5 - 4.
3
Evaluate -1 - (-12 - -13 - (0 + 0)).
-2
What is the value of (3 - ((-3 - -7) + -8)) + -14?
-7
Calculate -2 - (-8 - -2 - (-4 - -4)).
4
Evaluate -2 + -3 + 4 - (-1 + -4).
4
Evaluate 7 - (17 - (8 + 0)).
-2
What is the value of (0 - (6 - 8)) + 2 + -8?
-4
What is (-2 - (-4 + 2 + 6)) + 3?
-3
(-1 + 2 - (-4 - -6)) + 3
2
Evaluate -3 - 2 - (0 - (0 + 0)).
-5
Evaluate -2 - (-2 - 0) - -1.
1
Calculate -11 + 7 - (-2 - (0 + 3)).
1
What is the value of 9 - 8 - (-3 + 2 - -9)?
-7
What is 0 - (10 + -4 - 3)?
-3
What is -3 - 1 - (-1 + 2 + -1)?
-4
What is -36 + 49 - (17 - 0)?
-4
Calculate 1 + 1 + (7 - (4 - -9)).
-4
What is 4 - 2 - (-3 + (-3 - -10))?
-2
What is (1 - 12 - 8) + 12?
-7
Calculate -1 - (4 - (6 + -6)).
-5
-1 + 2 + (15 - (6 - -5))
5
12 - (5 + -3) - 13
-3
Evaluate 3 + -5 + 8 + -6.
0
Calculate 30 + -29 - (-2 - 2).
5
Calculate (3 - -1) + (0 + 2 - 2).
4
Calculate 9 + -2 + 1 + 299 + -296.
11
What is 1 - (1 - 4 - 0)?
4
Calculate 5 + -7 - (-3 - 0).
1
What is the value of -1 - -8 - 3 - -1?
5
What is 13 - ((6 - 12) + 18 + -6)?
7
What is (7 - (14 - 11)) + 6?
10
4 + -3 + (3 - -3 - 4)
3
What is -4 - ((1 - 0) + -4 + -1)?
0
Calculate 1 - (5 + -2) - (-8 + 14).
-8
What is 10 - 4 - 3 - 2?
1
What is the value of 2 + 0 - (-9 - (8 - 27))?
-8
5 + (0 - (5 + -1))
1
0 + 0 + 0 + -43 + 38
-5
What is the value of 2 - 2 - (-3 - (3 - 6))?
0
(-4 - (3 - 3)) + 3 + 6
5
Calculate 0 - (3 + -3) - (2 - 2).
0
What is 2 - ((3 + -1 - 1) + -3)?
4
(-13 + 15 - (-1 + 0)) + 2
5
Evaluate -2 + (1 - 2) - (0 - -1).
-4
-2 + (-15 - -4 - 0 - -7)
-6
Calculate ((3 - 1) + 0 - 3) + -1.
-2
What is the value of 5 - (-9 + 3) - 5 - -3?
9
Calculate -1 + -2 + 61 + -55.
3
Evaluate -2 + (5 - 3) + 6 + 3.
9
Calculate 14 + -9 + (-4 - -2).
3
7 + -1 + 3 - 4
5
Calculate (0 - -2) + (0 - 1 - -4).
5
Calculate 4 - 1 - (4 - -1).
-2
What is the value of (4 - -2) + -1 + -7?
-2
What is (-2 - (0 - (3 + -5))) + 2?
-2
What is the value of (-2 - -4) + 17 + -17?
2
Calculate 0 - (-8 - -12) - -4.
0
What is the value of 4 - (-7 + 3) - (0 + 4)?
4
Calculate -7 - -9 - 1 - (7 - 1).
-5
What is the value of 2 + -4 - (1 + 2) - 0?
-5
Calculate 7 + (6 - 11) + 3.
5
(-3 - (3 - (5 + -4))) + 5
0
1 + 1 + (6 - 4) - -2
6
What is the value of -9 - ((-4 - (-1 + 1)) + 1)?
-6
What is the value of -16 + 7 + (6 - 4)?
-7
Calculate (2 - 3 - -3) + -4 - -7.
5
Evaluate 6 + (5 - 10) + 1.
2
What is 3 - (3 + -2) - 1?
1
What is (6 - (1 + -1 + -1)) + -8?
-1
What is the value of -1 + 2 - (0 + -2 + -1)?
4
What is the value of (4 - (3 - -4)) + 10 + -4?
3
(-8 + 2 + -5 - 2) + 7
-6
What is the value of 0 + -1 + 0 + (10 - 1)?
8
Evaluate -4 - (3 + -2 - 7).
2
What is the value of -5 + (-2 - (-6 + -6))?
5
What is 5 + -3 - -9 - 6?
5
What is the value of -4 - 2 - -6 - (-4 - 1)?
5
Calculate 6 + (5 - 6) + -3 + 3.
5
Calculate 52 - 50 - ((-7 - 4) + 3).
10
Evaluate 3 - (2 + (-3 + 9 - 2)).
-3
6 - (3 + (1 - -1))
1
-8 - (1 - (0 + 10 + -5))
-4
What is -4 - (-2 + (8 - 4))?
-6
-3 - -6 - (-8 + 6)
5
-1 + (5 - 3 - 1)
0
-2 - (-4 + (-5 - -4) + 10)
-7
Evaluate 7 - 2 - (12 + -12).
5
What is the value of -4 + (11 - 4) + (-3 - 0)?
0
Calculate 0 - (-6 + 0 + 3).
3
-3 + -2 - -3 - (-9 - -2)
5
What is the value of (1 - -4 - 0) + -4 - -8?
9
What is the value of 4 + -7 + (-9 - -7)?
-5
Calculate 3 - (10 + -12) - 7.
-2
What is -3 + 2 + 13 + -2 + -4?
6
9 + -3 - 1 - (0 - -4)
1
What is -8 + -9 - -10 - 0?
-7
What is -5 + 3 - (4 + (2 - 4))?
-4
What is 17 + -7 - 2 - 3?
5
What is the value of -8 + 8 + -3 + 5?
2
What is the value of (10 - (4 - -2)) + -5?
-1
Calculate (-2 - (0 + -1)) + -15 + 14.
-2
Evaluate -1 + 2 + (3 - 9) + 0.
-5
What is -3 + 9 - 7 - (-1 - -2)?
-2
(-12 - -10) + (5 - 0)
3
What is 3 + (-2 - (6 - 3) - -1)?
-1
What is 3 + 1 + (0 - (1 + 4))?
-1
Calculate (10 - 1) + 1 - 12.
-2
(-1 - 3 - 0) + (57 - 60)
-7
What is 2 - ((4 - 9) + 6) - 3?
-2
Evaluate -2 - (5 + -9) - 3.
-1
What is 0 - -1 - (-14 - -11)?
4
What is the value of (14 - 9) + 1 + -14 + 1?
-7
What is 14 + -12 + 3 + -4?
1
6 + -4 - (0 + -3 + 5)
0
Calculate 0 - 1 - 1 - (-3 - 2).
3
What is the value of -46 + 48 + (-1 + -4 - -1)?
-2
1 - -5 - 1 - 1
4
2 - (-7 - (-14 + 6))
1
3 - (0 + 0 + 2)
1
Calculate 7 + -12 + 5 + -2 + 4.
2
What is the value of -2 + 2 + 9 - 2 - 4?
3
Calculate 4 - (4 - (3 + -8)).
-5
What is the value of 2 + 1 + (-1 + -7 - -12)?
7
What is 1 + -2 - (-5 - -1)?
3
-9 + -1 + 2 - -4
-4
Evaluate 4 + -9 - (-1 + -1 + 3).
-6
(6 - 1) + (-6 - -5)
4
Calculate 6 + (3 - 7 - (-5 + 4)).
3
What is (-2 - -3) + (0 - 5)?
-4
Calculate (-6 - -4) + (-1 - -4).
1
Evaluate 0 - 1 - ((0 - 3) + 2).
0
What is 5 + (2 - (6 + -1))?
2
What is 7 + (-1 - -2) + -7 + 3?
4
1 + (4 - 0) - 0
5
-16 + (7 - -2) + 13
6
Evaluate -4 + 5 + (-3 - (-2 + 0)).
0
-5 - (-7 + 2 + 0 - -3)
-3
Evaluate 0 + 1 - -2 - (6 + 2).
-5
What is the value of -7 - (-25 + 10) - 0?
8
Calculate -2 + -1 - (1 + -7).
3
29 + -34 + (1 - -1)
-3
What is 13 - (13 - -4) - (1 - 12)?
7
Calculate -1 + -3 - -1 - (1 - -1).
-5
0 + 1 + -3 + 5
3
(4 - (5 - 2)) + 0
1
What is the value of -5 + (-8 - (8 - 22))?
1
What is the value of 6 - (6 + 1 + -1 + 0)?
0
Evaluate -2 + (5 - 0 - (1 - 2)).
4
What is the value of 16 + 3 + -7 + -8?
4
Calculate (4 - 5) + 1 - -4.
4
What is the value of 1 + (-6 - -4) - (2 - 2)?
-1
What is -1 + 3 + -2 - -2?
2
-1 + 16 + -10 - 2
3
3 + -8 + 6 + (-5 - -1)
-3
Evaluate -25 + 1 + 12 + 6 + -2.
-8
3 + (-1 - (0 + 2) - 5)
-5
Evaluate -1 + (2 - (-4 + 6)).
-1
-3 +